{"id":701,"date":"2017-02-17T09:31:46","date_gmt":"2017-02-17T09:31:46","guid":{"rendered":"https:\/\/www.vins-chevalley.ch\/produit\/la-cabrade-villette-aoc-lavaux\/"},"modified":"2017-02-17T09:31:46","modified_gmt":"2017-02-17T09:31:46","slug":"la-cabrade-villette-aoc-lavaux","status":"publish","type":"product","link":"https:\/\/www.vins-chevalley.ch\/de\/produkt\/la-cabrade-villette-aoc-lavaux\/","title":{"rendered":"La Cabrade Villette  AOC Lavaux"},"content":{"rendered":"","protected":false},"excerpt":{"rendered":"<p>\u00ab A d\u00e9guster en ap\u00e9ritif par une belle journ\u00e9e d\u2019\u00e9t\u00e9 \u00bb<\/p>\n","protected":false},"featured_media":702,"template":"","meta":{"_acf_changed":false},"product_brand":[],"product_cat":[31],"product_tag":[],"class_list":{"0":"post-701","1":"product","2":"type-product","3":"status-publish","4":"has-post-thumbnail","6":"product_cat-blancs-de","8":"first","9":"instock","10":"taxable","11":"shipping-taxable","12":"purchasable","13":"product-type-variable","14":"has-default-attributes"},"acf":[],"_links":{"self":[{"href":"https:\/\/www.vins-chevalley.ch\/de\/wp-json\/wp\/v2\/product\/701","targetHints":{"allow":["GET"]}}],"collection":[{"href":"https:\/\/www.vins-chevalley.ch\/de\/wp-json\/wp\/v2\/product"}],"about":[{"href":"https:\/\/www.vins-chevalley.ch\/de\/wp-json\/wp\/v2\/types\/product"}],"wp:featuredmedia":[{"embeddable":true,"href":"https:\/\/www.vins-chevalley.ch\/de\/wp-json\/wp\/v2\/media\/702"}],"wp:attachment":[{"href":"https:\/\/www.vins-chevalley.ch\/de\/wp-json\/wp\/v2\/media?parent=701"}],"wp:term":[{"taxonomy":"product_brand","embeddable":true,"href":"https:\/\/www.vins-chevalley.ch\/de\/wp-json\/wp\/v2\/product_brand?post=701"},{"taxonomy":"product_cat","embeddable":true,"href":"https:\/\/www.vins-chevalley.ch\/de\/wp-json\/wp\/v2\/product_cat?post=701"},{"taxonomy":"product_tag","embeddable":true,"href":"https:\/\/www.vins-chevalley.ch\/de\/wp-json\/wp\/v2\/product_tag?post=701"}],"curies":[{"name":"wp","href":"https:\/\/api.w.org\/{rel}","templated":true}]}}

<p>« A déguster en apéritif par une belle journée d’été »</p>
